5 (base 9) to base 5.
-200332401
Convert -110010011001100101101000 (base 2) to base 7.
-220204655
-30044224 (base 6) to base 9
-1528367
What is 1101101000010010001 (base 2) in base 15?
8c4de
Convert 30838 (base 9) to base 4.
10332032
Convert -102a68 (base 13) to base 3.
-201011210010
Convert 37b081 (base 16) to base 3.
20212102101210
Convert -42626061 (base 7) to base 11.
-206476a
30974 (base 14) to base 15
24a79
What is -223101 (base 10) in base 5?
-24114401
-12010225 (base 6) to base 16
-5b769
483171 (base 11) to base 14
15cda4
What is -2475702 (base 9) in base 10?
-1349219
Convert -61758 (base 10) to base 6.
-1153530
Convert -1660642 (base 7) to base 4.
-320330011
631c6 (base 14) to base 7
2014036
Convert -22211122202 (base 3) to base 7.
-1323143
Convert -207b72 (base 12) to base 13.
-14ba2a
What is 7334078 (base 9) in base 13?
a73291
-20011210211 (base 3) to base 6
-2334551
111210202021221 (base 3) to base 14
d8db02
What is 623576 (base 11) in base 4?
3310031031
25435 (base 6) to base 12
227b
Convert -4271a (base 14) to base 10.
-160548
-2110323322 (base 4) to base 14
-11c466
Convert 230351245 (base 6) to base 3.
21221212022202
What is -1038dc5 (base 14) in base 8?
-35203321
What is 2131a2 (base 13) in base 8?
2757467
What is 167ab0 (base 14) in base 10?
789642
What is 329132 (base 11) in base 4?
2000010122
Convert 4344320 (base 6) to base 4.
310300320
8864b (base 12) to base 9
304705
249c (base 15) to base 5
222142
What is 10011001111011010000 (base 2) in base 12?
264a40
-837326 (base 12) to base 6
-112134050
What is -192023 (base 10) in base 5?
-22121043
1063a8 (base 14) to base 4
2013200100
-50332545 (base 6) to base 8
-5344121
-2546418 (base 10) to base 16
-26daf2
What is 10101101011001010100 (base 2) in base 7?
6015431
23d8a (base 15) to base 16
1befe
What is 244246 (base 7) in base 12?
21a6a
Convert 30331214 (base 5) to base 12.
ba301
-102331130 (base 4) to base 3
-10221112022
Convert -4237377 (base 9) to base 10.
-2268961
-10000000111111111011 (base 2) to base 3
-222211210121
What is 11101221020 (base 4) in base 7?
14520011
-1000000111010011001110 (base 2) to base 13
-596217
What is 71d13 (base 15) in base 10?
360693
What is 37828c (base 14) in base 7?
22122335
-41420550 (base 8) to base 6
-512224104
3b1ea (base 15) to base 7
1416214
Convert 1044731 (base 8) to base 2.
1000100100111011001
-101011011100010101 (base 2) to base 11
-111765
37687 (base 15) to base 3
22222202201
213214120 (base 5) to base 11
5744a0
104962 (base 10) to base 6
2125534
430774 (base 10) to base 6
13122154
Convert -829402 (base 11) to base 8.
-5045753
13b919 (base 12) to base 2
1010000111001100101
101222020001002 (base 3) to base 2
10110001111011110101011
What is -50167 (base 9) in base 4?
-20002303
Convert -168953 (base 12) to base 3.
-201201211100
133998 (base 10) to base 9
223726
-c58b1 (base 15) to base 3
-1011211011211
-10112112200112 (base 3) to base 15
-27232b
2a964 (base 11) to base 3
2020000102
1609910 (base 10) to base 2
110001001000010110110
Convert 20022201110 (base 3) to base 7.
1025562
Convert -11545302 (base 6) to base 5.
-43344341
Convert -6d7b9 (base 16) to base 5.
-103322231
What is 320021040 (base 5) in base 15?
1b3dea
What is -100010100001010110011 (base 2) in base 12?
-466757
What is b9476 (base 15) in base 11?
371a73
Convert 1202110210 (base 3) to base 2.
1000011100110000
What is 33013121 (base 4) in base 16?
f1d9
Convert 1010001011011101 (base 2) to base 15.
c548
-25564252 (base 7) to base 6
-122015251
Convert -213642 (base 9) to base 13.
-45c89
Convert 101220200000210 (base 3) to base 15.
798780
-1101101001001100001 (base 2) to base 5
-103301243
Convert 554332 (base 10) to base 4.
2013111130
What is -16928c (base 13) in base 16?
-896c6
Convert -232115505 (base 6) to base 2.
-10000011010011101100001
What is -507120 (base 8) in base 13?
-5b31c
Convert 113044141 (base 5) to base 14.
d703d
What is -12416442 (base 7) in base 9?
-2113083
Convert -24310041 (base 5) to base 13.
-8018a
What is 12730466 (base 8) in base 9?
5343771
Convert 794378 (base 11) to base 15.
19ebb8
What is -332b9b (base 16) in base 7?
-40334652
9ebd40 (base 16) to base 13
2203203
What is 15042400 (base 6) in base 5?
113101401
What is -1729a6 (base 11) in base 7?
-2162415
What is -b785a (base 12) in base 13?
-85b64
-24a456 (base 11) to base 2
-1100000010100011001
What is 232213431 (base 5) in base 2?
100000001011000100001
What is 177a45 (base 11) in base 5?
32232424
What is 10949bb (base 12) in base 16?
30899f
Convert -7b065 (base 13) to base 16.
-36bb1
What is 6c3703 (base 15) in base 10?
5175453
115122021 (base 6) to base 3
11010221211111
-10010111001101110111001 (base 2) to base 13
-10464bb
What is 121342020 (base 5) in base 3?
1002012020210
Convert -1010110010111100110010 (base 2) to base 13.
-781244
Convert -102221023100 (base 4) to base 12.
-1778328
What is -1b79556 (base 13) in base 8?
-42653200
-38307 (base 12) to base 14
-1dc23
-1042488 (base 9) to base 13
-1678c1
Convert -637580 (base 10) to base 3.
-1012101121002
Convert 40132143 (base 5) to base 9.
533838
-1010111100000 (base 2) to base 9
-7612
What is 1013013210 (base 4) in base 8?
1070744
Convert -201110010100 (base 3) to base 2.
-1011101011101011111
What is -a1717 (base 11) in base 9?
-245757
What is -56d56c (base 14) in base 4?
-23101301030
Convert -217365 (base 10) to base 2.
-110101000100010101
Convert 24a25 (base 12) to base 10.
49853
-3233012200 (base 4) to base 13
-283a05
What is 22210051 (base 6) in base 9?
1231134
What is 1024575 (base 9) in base 8?
2056160
465203 (base 11) to base 7
6165242
Convert -100040554 (base 6) to base 2.
-110011011011000010110
Convert -53644206 (base 7) to base 12.
-164bb60
What is 596ca (base 13) in base 3?
22022122010
What is -274465 (base 8) in base 6?
-2023021
Convert 121212020122102 (base 3) to base 15.
bbeede
Convert 2a080c (base 13) to base 8.
3732670
Convert 384217 (base 9) to base 5.
24421404
What is 101110021200 (base 3) in base 6?
4224413
10001101000000010 (base 2) to base 13
26b25
What is 20001202012 (base 3) in base 12?
590b8
-1110100010101101011 (base 2) to base 14
-c5935
What is -374054 (base 8) in base 9?
-216038
-1d79166 (base 14) to base 9
-30780488
344123 (base 5) to base 11
9365
What is 1101010011111011001011 (base 2) in base 4?
31103323023
What is 213132021 (base 4) in base 10?
161673
364602 (base 7) to base 5
4111440
-2eb39c (base 15) to base 14
-42d859
31333002331 (base 4) to base 13
9b48c5
c7b8 (base 13) to base 14
a146
What is -512162 (base 14) in base 15?
-38ed06
What is 101b41 (base 15) in base 8?
2726546
Convert 88aa2 (base 13) to base 16.
3c84e
Convert 26930 (base 13) to base 12.
35708
Convert -1101110000001011001110 (base 2) to base 5.
-1410331243
11100110110011110100 (base 2) to base 9
1700750
What is -544112123 (base 6) in base 2?
-100101000011100101010011
Convert 48541 (base 10) to base 7.
261343
Convert 52300055 (base 6) to base 4.
11302031003
11120662 (base 8) to base 12
979356
-1001110001111101011 (base 2) to base 8
-1161753
What is -1671350 (base 8) in base 7?
-4102142
2216133 (base 7) to base 9
456076
Convert -1111010100000100100101 (base 2) to base 3.
-21112221200111
10111211011220 (base 3) to base 4
13013222010
Convert -11364816 (base 9) to base 6.
-314342410
-579209 (base 10) to base 7
-4631441
-a855b (base 13) to base 12
-127ba3
Convert -12303202330 (base 4) to base 11.
-1009385
What is -2173d9 (base 16) in base 3?
-11010101022222
Convert 106788 (base 10) to base 16.
1a124
Convert -230113132310 (base 4) to base 12.
-3a8a758
Convert 113024343 (base 5) to base 13.
1516c8
Convert -30089c (base 14) to base 6.
-54341402
What is 111001010010101101 (base 2) in base 10?
234669
What is -65435a (base 13) in base 10?
-2379933
-3660a63 (base 11) to base 7
-105100522
What is 1255563 (base 7) in base 16?
28599
103545324 (base 6) to base 5
434133402
What is 1001011101010001010101 (base 2) in base 11?
1443719
1052313 (base 7) to base 6
2444053
What is 15d96ca (base 14) in base 16?
a3f132
What is 5055513 (base 6) in base 9?
406560
Convert 100020100210 (base 3) to base 8.
543031
What is -1000001000001000101 (base 2) in base 11?
-17209a
Convert 5732f6 (base 16) to base 14.
a8a874
Convert -d5c3d (base 15) to base 2.
-10100101011101111110
Convert -